late the remainder when 938136 is divided by 248.
200
What is the remainder when 367182 is divided by 1666?
662
What is the remainder when 94925 is divided by 92631?
2294
Calculate the remainder when 1325825 is divided by 25496.
33
What is the remainder when 19023244 is divided by 2871?
2869
What is the remainder when 519241 is divided by 20?
1
What is the remainder when 20385954 is divided by 95?
94
Calculate the remainder when 29963483 is divided by 2948.
11
Calculate the remainder when 1356931 is divided by 87.
79
What is the remainder when 2141257 is divided by 2140215?
1042
What is the remainder when 27438473 is divided by 33?
29
What is the remainder when 120424079 is divided by 1806?
1805
Calculate the remainder when 30414032 is divided by 59.
4
Calculate the remainder when 3362636 is divided by 1120863.
47
Calculate the remainder when 14325 is divided by 14211.
114
Calculate the remainder when 4180938 is divided by 542.
492
Calculate the remainder when 17913513 is divided by 1071.
1038
What is the remainder when 36512445 is divided by 5?
0
What is the remainder when 7237631 is divided by 7237593?
38
Calculate the remainder when 14596649 is divided by 3649160.
9
What is the remainder when 11548045 is divided by 1649710?
75
Calculate the remainder when 30662062 is divided by 802.
800
Calculate the remainder when 3939431 is divided by 43761.
941
What is the remainder when 1229543 is divided by 41?
35
Calculate the remainder when 716905 is divided by 1352.
345
Calculate the remainder when 22217339 is divided by 11108640.
59
Calculate the remainder when 505751 is divided by 22967.
477
Calculate the remainder when 1357815 is divided by 22249.
626
What is the remainder when 2421285 is divided by 19856?
18709
What is the remainder when 52258 is divided by 3798?
2884
What is the remainder when 850204875 is divided by 2382?
2379
What is the remainder when 3230851 is divided by 2536?
2523
Calculate the remainder when 101513 is divided by 197.
58
What is the remainder when 105571289 is divided by 17?
14
Calculate the remainder when 845013 is divided by 17208.
1821
What is the remainder when 6983372 is divided by 28976?
156
What is the remainder when 460712 is divided by 153568?
8
Calculate the remainder when 4529866 is divided by 165.
121
Calculate the remainder when 1426524 is divided by 679.
624
Calculate the remainder when 49229699 is divided by 26.
25
What is the remainder when 255797028 is divided by 41?
37
Calculate the remainder when 17045948 is divided by 2237.
8
What is the remainder when 103093669 is divided by 1367?
1364
What is the remainder when 11357523 is divided by 2443?
16
What is the remainder when 196951 is divided by 5351?
4315
Calculate the remainder when 803111 is divided by 74.
63
Calculate the remainder when 3794165 is divided by 7.
4
Calculate the remainder when 1997657 is divided by 99780.
2057
Calculate the remainder when 516182 is divided by 242.
238
Calculate the remainder when 18289927 is divided by 289.
273
What is the remainder when 108193 is divided by 111?
79
Calculate the remainder when 32030124 is divided by 40442.
60
Calculate the remainder when 638392 is divided by 31919.
12
What is the remainder when 6848600 is divided by 3424299?
2
What is the remainder when 350762 is divided by 77?
27
What is the remainder when 4073 is divided by 812?
13
Calculate the remainder when 66743289 is divided by 15.
9
Calculate the remainder when 32695964 is divided by 8173989.
8
Calculate the remainder when 5803197 is divided by 113788.
9
Calculate the remainder when 1059608 is divided by 230.
228
Calculate the remainder when 389373 is divided by 127.
118
Calculate the remainder when 349326 is divided by 18385.
11
What is the remainder when 38874013 is divided by 53?
50
Calculate the remainder when 91432159 is divided by 5568.
31
Calculate the remainder when 1151928 is divided by 521.
518
What is the remainder when 37264415 is divided by 112?
111
What is the remainder when 77313 is divided by 25752?
57
Calculate the remainder when 3508630 is divided by 157.
151
What is the remainder when 818965 is divided by 272986?
7
What is the remainder when 98203712 is divided by 4652?
4644
What is the remainder when 539753 is divided by 179906?
35
Calculate the remainder when 14687631 is divided by 205.
201
What is the remainder when 7317 is divided by 3629?
59
Calculate the remainder when 2898813 is divided by 37645.
148
What is the remainder when 10370 is divided by 1295?
10
Calculate the remainder when 18558727 is divided by 2062079.
16
What is the remainder when 1774641 is divided by 2005?
216
Calculate the remainder when 42438 is divided by 3991.
2528
What is the remainder when 402720 is divided by 80288?
1280
What is the remainder when 592180 is divided by 592143?
37
What is the remainder when 3571619 is divided by 243?
5
Calculate the remainder when 296698921 is divided by 508.
505
What is the remainder when 19686790 is divided by 623?
613
Calculate the remainder when 150056 is divided by 2037.
1355
What is the remainder when 59395 is divided by 136?
99
Calculate the remainder when 9876729 is divided by 3790.
3779
Calculate the remainder when 11878338 is divided by 977.
949
Calculate the remainder when 795335 is divided by 1161.
50
Calculate the remainder when 238680 is divided by 1130.
250
Calculate the remainder when 29101506 is divided by 13380.
6
What is the remainder when 4144997 is divided by 552?
29
Calculate the remainder when 234434125 is divided by 127.
126
Calculate the remainder when 69982 is divided by 9204.
5554
Calculate the remainder when 757701 is divided by 20478.
15
What is the remainder when 48765161 is divided by 48765088?
73
Calculate the remainder when 76696162 is divided by 77.
4
Calculate the remainder when 7616802 is divided by 12148.
6
What is the remainder when 89787040 is divided by 6950?
6940
Calculate the remainder when 437452 is divided by 3018.
2860
Calculate the remainder when 246644 is divided by 737.
486
What is the remainder when 6525963 is divided by 71?
69
What is the remainder when 2552571 is divided by 1123?
1115
Calculate the remainder when 9146 is divided by 1085.
466
What is the remainder when 86443 is divided by 675?
43
What is the remainder when 17444738 is divided by 57764?
10
What is the remainder when 37810557 is divided by 2475?
2457
What is the remainder when 43986236 is divided by 720?
716
What is the remainder when 21465702 is divided by 43987?
46
What is the remainder when 489117 is divided by 18111?
120
Calculate the remainder when 6029903 is divided by 753705.
263
What is the remainder when 121624 is divided by 326?
26
Calculate the remainder when 285485 is divided by 500.
485
What is the remainder when 46263502 is divided by 2924?
2898
Calculate the remainder when 75727081 is divided by 5257.
5253
What is the remainder when 209252450 is divided by 13?
4
What is the remainder when 2201334 is divided by 8210?
1054
What is the remainder when 318581 is divided by 2360?
2341
What is the remainder when 28229282 is divided by 53?
51
What is the remainder when 94467237 is divided by 5919?
5916
What is the remainder when 13080938 is divided by 7215?
143
What is the remainder when 146015 is divided by 1343?
971
What is the remainder when 2442168 is divided by 281?
278
Calculate the remainder when 6902457 is divided by 3450996.
465
Calculate the remainder when 22459 is divided by 262.
189
Calculate the remainder when 7883391 is divided by 2627478.
957
What is the remainder when 40943769 is divided by 933?
930
What is the remainder when 1014180 is divided by 338055?
15
What is the remainder when 12897958 is divided by 1373?
1369
What is the remainder when 8859669 is divided by 632832?
21
Calculate the remainder when 846344 is divided by 17974.
1566
What is the remainder when 196089 is divided by 7247?
420
Calculate the remainder when 119574 is divided by 5429.
136
What is the remainder when 9647449 is divided by 322?
7
Calculate the remainder when 7700437 is divided by 1100059.
24
Calculate the remainder when 132506 is divided by 6018.
110
What is the remainder when 11580156 is divided by 5963?
10
What is the remainder when 101524296 is divided by 43?
6
What is the remainder when 40829